{"id":768,"date":"2015-04-01T15:31:18","date_gmt":"2015-04-01T13:31:18","guid":{"rendered":"http:\/\/www.wagneracciai.it\/?page_id=768"},"modified":"2016-02-16T11:32:54","modified_gmt":"2016-02-16T10:32:54","slug":"materie-prime","status":"publish","type":"page","link":"https:\/\/www.wagneracciai.it\/index.php\/materie-prime","title":{"rendered":"Materie Prime"},"content":{"rendered":"\r\n<a href=\"https:\/\/www.wagneracciai.it\/wp-content\/gallery\/magazzino-e-produzione\/mag-temprabilec67.jpg\" title=\"\" class=\"shutterset_singlepic287\" >\r\n\t<img class=\"ngg-singlepic\" src=\"https:\/\/www.wagneracciai.it\/wp-content\/gallery\/cache\/287_web20_h=x_mag-temprabilec67.jpg\" alt=\"mag-temprabilec67\" title=\"mag-temprabilec67\" \/>\r\n<\/a>\r\n\n<p>Selezioniamo il materiale reperibile sul mercato, grazie a un&#8217;attenta analisi dell&#8217;offerta dei nostri fornitori e all&#8217;esperienza maturata nel settore da oltre 70 anni. I nastri e lamiere Wagner sono stati laminati a freddo con il miglior <a href=\"http:\/\/www.wagneracciai.it\/index.php\/acciaio-al-carbonio\">acciaio al carbonio<\/a> e il miglior <a href=\"http:\/\/www.wagneracciai.it\/index.php\/acciaio-inossidabile\">acciaio inossidabile<\/a>.<\/p>\n<p>Scopriamo qualcosa di pi\u00f9 di questi materiali, cos\u00ec preziosi e utili nella produzione, e (perch\u00e8 no) nella vita di tutti i giorni. Clicca sui seguenti link:<\/p>\n<p><a href=\"http:\/\/www.wagneracciai.it\/index.php\/acciaio-al-carbonio\">Acciaio al carbonio<\/a><\/p>\n<p><a href=\"http:\/\/www.wagneracciai.it\/index.php\/acciaio-inossidabile\">Acciaio inossidabile<\/a><\/p>\n","protected":false},"excerpt":{"rendered":"<p>Selezioniamo il materiale reperibile sul mercato, grazie a un&#8217;attenta analisi dell&#8217;offerta dei nostri fornitori e all&#8217;esperienza maturata nel settore da oltre 70 anni. I nastri e lamiere Wagner sono stati laminati a freddo con il miglior acciaio al carbonio e il miglior acciaio inossidabile. Scopriamo qualcosa di pi\u00f9 di questi \u2026<\/p>\n<p> <a class=\"continue-reading-link\" href=\"https:\/\/www.wagneracciai.it\/index.php\/materie-prime\">Continua la lettura<i class=\"icon-right-dir\"><\/i><\/a><\/p>\n","protected":false},"author":1,"featured_media":0,"parent":0,"menu_order":0,"comment_status":"closed","ping_status":"closed","template":"templates\/template-twocolumns-right.php","meta":[],"_links":{"self":[{"href":"https:\/\/www.wagneracciai.it\/index.php\/wp-json\/wp\/v2\/pages\/768"}],"collection":[{"href":"https:\/\/www.wagneracciai.it\/index.php\/wp-json\/wp\/v2\/pages"}],"about":[{"href":"https:\/\/www.wagneracciai.it\/index.php\/wp-json\/wp\/v2\/types\/page"}],"author":[{"embeddable":true,"href":"https:\/\/www.wagneracciai.it\/index.php\/wp-json\/wp\/v2\/users\/1"}],"replies":[{"embeddable":true,"href":"https:\/\/www.wagneracciai.it\/index.php\/wp-json\/wp\/v2\/comments?post=768"}],"version-history":[{"count":8,"href":"https:\/\/www.wagneracciai.it\/index.php\/wp-json\/wp\/v2\/pages\/768\/revisions"}],"predecessor-version":[{"id":1065,"href":"https:\/\/www.wagneracciai.it\/index.php\/wp-json\/wp\/v2\/pages\/768\/revisions\/1065"}],"wp:attachment":[{"href":"https:\/\/www.wagneracciai.it\/index.php\/wp-json\/wp\/v2\/media?parent=768"}],"curies":[{"name":"wp","href":"https:\/\/api.w.org\/{rel}","templated":true}]}}