{"id":926,"date":"2015-05-28T10:13:39","date_gmt":"2015-05-28T08:13:39","guid":{"rendered":"http:\/\/www.wagneracciai.it\/?page_id=926"},"modified":"2015-06-03T10:40:09","modified_gmt":"2015-06-03T08:40:09","slug":"cookie-policy","status":"publish","type":"page","link":"https:\/\/www.wagneracciai.it\/index.php\/cookie-policy","title":{"rendered":"Cookie policy"},"content":{"rendered":"<p><span style=\"text-decoration: underline;\"><strong>INFORMATIVA ESTESA SULL&#8217;USO DEI COOKIE<\/strong><\/span><\/p>\n<p><strong>Uso dei Cookie<\/strong><\/p>\n<p>Questo sito utilizza cookies, anche di terze parti, per migliorarne l\u2019esperienza di navigazione.<\/p>\n<p>I cookies sono piccoli file di testo che vengono automaticamente posizionati sul PC del navigatore all&#8217;interno del browser. Essi contengono informazioni di base sulla navigazione in Internet e grazie al browser vengono riconosciuti ogni volta che l&#8217;utente visita il sito.<\/p>\n<p>Esistono vari tipi di cookie, alcuni per rendere pi\u00f9 efficace l\u2019uso del sito, altri per abilitare determinate funzionalit\u00e0.<\/p>\n<p><strong>Tipologie di Cookie utilizzati da www.wagneracciai.it<\/strong><\/p>\n<p><strong><\/strong><span style=\"text-decoration: underline;\">Cookie Tecnici<\/span><\/p>\n<p>Questa tipologia di cookie permette il\u00a0corretto funzionamento di alcune sezioni del sito. Questo tipo di cookie si divide in due categorie<\/p>\n<ul>\n<li>Persistenti: una volta chiuso il browser non vengono distrutti ma rimangono fino ad una data di scadenza preimpostata<\/li>\n<li>Di sessione: vengono distrutti ogni volta che il browser viene chiuso<\/li>\n<\/ul>\n<p>Questi cookie, inviati sempre dal dominio del sito di navigazione, sono necessari a visualizzare correttamente il sito e verranno quindi sempre utilizzati e inviati, a meno che l\u2019utenza non modifichi le impostazioni nel proprio browser di navigazione, con il rischio che il sito sia poco leggibile o i servizi offerti non funzionanti.<\/p>\n<p><span style=\"text-decoration: underline;\">Cookie di analisi di servizi di terze parti<\/span><\/p>\n<p>Questi cookie sono utilizzati al fine di raccogliere informazioni sull\u2019uso del sito da parte degli utenti in forma anonima quali: pagine visitate, tempo di permanenza, origini del traffico di provenienza, provenienza geografica, et\u00e0, genere e interessi ai fini di campagne di marketing. Questi cookie sono inviati da domini di terze parti esterni ai nostri siti.<\/p>\n<p><span style=\"text-decoration: underline;\">Cookie per integrare prodotti e funzioni di software di terze parti<\/span><\/p>\n<p>Questa tipologia di cookie integra funzionalit\u00e0 sviluppate da terzi all\u2019interno delle pagine del sito come le icone e le preferenze espresse nei social network al fine di condivisione dei contenuti del sito o per l\u2019uso di servizi software di terze parti (come i software per generare le mappe e ulteriori software che offrono servizi aggiuntivi). Questi cookie sono inviati da domini di terze parti e da siti partner che offrono le loro funzionalit\u00e0 tra le pagine del sito.<\/p>\n<p><strong>Consenso all&#8217;uso dei cookie o disattivazione<\/strong><\/p>\n<p>Ciascun utente pu\u00f2 scegliere se accettare l&#8217;uso dei cookie, o meno. Per accettare, nel caso di www.wagneracciai.it \u00e8 sufficiente cliccare su pulsante &#8220;Accetta&#8221;.<br \/>\nPer disabilitare i cookie, invece, \u00e8 possibile modificare la configurazione del browser utilizzato.<\/p>\n<p><span style=\"text-decoration: underline;\">Disabilitazione dei cookies<\/span><\/p>\n<p><em>&#8211;&gt; Se si utilizza Internet Explorer<\/em><\/p>\n<p>In Internet Explorer, fare clic su &#8220;Strumenti&#8221; poi &#8220;Opzioni Internet&#8221;. Nella scheda Privacy, spostare il cursore verso l&#8217;alto per bloccare tutti i cookie o verso il basso per consentire a tutti i cookie, e quindi fare clic su OK.<\/p>\n<p><em>&#8211;&gt; Se si utilizza il browser Firefox<\/em><\/p>\n<p>Vai al menu &#8220;Strumenti&#8221; del browser e selezionare il menu &#8220;Opzioni&#8221; Fare clic sulla scheda &#8220;Privacy&#8221;, deselezionare la casella &#8220;Accetta cookie&#8221; e fare clic su OK.<\/p>\n<p><em>&#8211;&gt; Se si utilizza il browser Safari<\/em><\/p>\n<p>In Browser della votazione, selezionare il menu &#8220;Modifica&#8221; e selezionare &#8220;Preferences&#8221;. Clicca su &#8220;Privacy&#8221;. Posizionare l&#8217;impostazione &#8220;cookies Block&#8221; sempre &#8220;e fare clic su OK.<\/p>\n<p><em>&#8211;&gt; Se si utilizza il browser Google Chrome<\/em><\/p>\n<p>Fai clic sul menu Chrome nella barra degli strumenti del browser. Selezionare &#8220;Impostazioni&#8221;. Fare clic su &#8220;Mostra impostazioni avanzate&#8221;. Nella sezione &#8220;Privacy&#8221;, fai clic sul pulsante &#8220;Impostazioni contenuti&#8221;. Nella sezione &#8220;Cookies&#8221;, selezionare &#8220;Non consentire ai siti per memorizzare i dati&#8221; e di controllo &#8220;cookie di blocco e di terze parti i dati sito&#8221;, e quindi fare clic su OK.<\/p>\n<p>Se si usa un qualsiasi altro browser, cerca nelle Impostazioni del browser la modalit\u00e0 di gestione dei cookies.<\/p>\n<p><strong>Disattivazione cookies di terze parti<\/strong><\/p>\n<p>Se desiderate avere informazioni relative a questi cookie di terza parte e su come disabilitarli vi preghiamo di accedere ai link qui di seguito.\u00a0Inoltre accedendo alla pagina\u00a0\u00a0<a href=\"http:\/\/www.youronlinechoices.com\/it\/le-tue-scelte\">http:\/\/www.youronlinechoices.com\/it\/le-tue-scelte<\/a>\u00a0\u00e8 possibile informarsi sulla pubblicit\u00e0 comportamentale oltre che disattivare o attivare le societ\u00e0 elencate e che lavorano con i gestori dei siti web per raccogliere e utilizzare informazioni utili alla fruizione della pubblicit\u00e0.<\/p>\n<p><span style=\"text-decoration: underline;\">Cookie Statistici e di Misurazione dell&#8217;audience di terza parte<\/span><\/p>\n<p>Questi cookie (servizi web di terza parte) forniscono informazioni anonime \/ aggregate sul modo in cui i visitatori navigano sul sito. Di seguito i link alle rispettive pagine di privacy policy.<\/p>\n<p>Google Analytics: sistema di statistiche, cookies analitici &#8211;&gt;\u00a0<a href=\"https:\/\/support.google.com\/analytics\/answer\/6004245\">privacy policy<\/a><\/p>\n<p>Conteggio conversioni campagne Google AdWords: cookies di conversione &#8211;&gt;\u00a0<a href=\"https:\/\/www.google.com\/intl\/it\/policies\/\">privacy policy<\/a><\/p>\n<p><strong>Trattamento dei dati personali<\/strong><\/p>\n<div>\n<p>R. Wagner &amp; C. S.p.A. applica una serie di regole per il rispetto e il trattamento dei dati personali, anche in ottemperanza alle normative nazionali e comunitarie sulla privacy.<br \/>\nIn conformit\u00e0 alle disposizioni previste dall\u2019art.13 del D.Lgl. 30.6.2003 n\u00b0 196 \u2013 \u201ccodice della privacy\u201d R. Wagner &amp; C. S.p.A. informa che:<\/p>\n<ol>\n<li>I dati in nostro possesso sono esclusivamente quelli forniti volontariamente dagli utenti dei nostri siti e dai clienti che hanno compilato i moduli per la richiesta dei servizi offerti, trasmettendoli per via elettronica, posta o fax;<\/li>\n<li>I dati raccolti sono trattati in via esclusiva dalla sopracitata societ\u00e0, per le proprie finalit\u00e0 istituzionali, nonch\u00e9 per le ordinarie attivit\u00e0 amministrative e fiscali;<\/li>\n<li>R. Wagner &amp; C. S.p.A. si impegna a non diffondere i dati in suo possesso a terzi;<\/li>\n<li>R. Wagner &amp; C. S.p.A. non \u00e8 in possesso e non tratta dati sensibili o giudiziari;<\/li>\n<li>Il responsabile del trattamento dei dati raccolti \u00e8 identificabile nel legale rappresentante della sopracitata societ\u00e0, reperibile presso la sede indicata a fondo pagina.<\/li>\n<\/ol>\n<\/div>\n","protected":false},"excerpt":{"rendered":"<p>INFORMATIVA ESTESA SULL&#8217;USO DEI COOKIE Uso dei Cookie Questo sito utilizza cookies, anche di terze parti, per migliorarne l\u2019esperienza di navigazione. I cookies sono piccoli file di testo che vengono automaticamente posizionati sul PC del navigatore all&#8217;interno del browser. Essi contengono informazioni di base sulla navigazione in Internet e grazie \u2026<\/p>\n<p> <a class=\"continue-reading-link\" href=\"https:\/\/www.wagneracciai.it\/index.php\/cookie-policy\">Continua la lettura<i class=\"icon-right-dir\"><\/i><\/a><\/p>\n","protected":false},"author":1,"featured_media":0,"parent":0,"menu_order":0,"comment_status":"closed","ping_status":"closed","template":"templates\/template-onecolumn.php","meta":[],"_links":{"self":[{"href":"https:\/\/www.wagneracciai.it\/index.php\/wp-json\/wp\/v2\/pages\/926"}],"collection":[{"href":"https:\/\/www.wagneracciai.it\/index.php\/wp-json\/wp\/v2\/pages"}],"about":[{"href":"https:\/\/www.wagneracciai.it\/index.php\/wp-json\/wp\/v2\/types\/page"}],"author":[{"embeddable":true,"href":"https:\/\/www.wagneracciai.it\/index.php\/wp-json\/wp\/v2\/users\/1"}],"replies":[{"embeddable":true,"href":"https:\/\/www.wagneracciai.it\/index.php\/wp-json\/wp\/v2\/comments?post=926"}],"version-history":[{"count":8,"href":"https:\/\/www.wagneracciai.it\/index.php\/wp-json\/wp\/v2\/pages\/926\/revisions"}],"predecessor-version":[{"id":954,"href":"https:\/\/www.wagneracciai.it\/index.php\/wp-json\/wp\/v2\/pages\/926\/revisions\/954"}],"wp:attachment":[{"href":"https:\/\/www.wagneracciai.it\/index.php\/wp-json\/wp\/v2\/media?parent=926"}],"curies":[{"name":"wp","href":"https:\/\/api.w.org\/{rel}","templated":true}]}}